{"id":52,"date":"2024-05-07T06:29:44","date_gmt":"2024-05-07T06:29:44","guid":{"rendered":"https:\/\/kine-broye.ch\/?page_id=52"},"modified":"2024-05-07T07:29:17","modified_gmt":"2024-05-07T07:29:17","slug":"historique-de-la-kinesiologie","status":"publish","type":"page","link":"https:\/\/kine-broye.ch\/?page_id=52","title":{"rendered":"Historique de la kin\u00e9siologie"},"content":{"rendered":"\n<p>La kin\u00e9siologie nous vient des Etats-Unis. En Europe, elle est actuellement pratiqu\u00e9e dans de nombreux pays.<\/p>\n\n\n\n<p>Dans les ann\u00e9es 60, Georges Goodheart, chiropracteur am\u00e9ricain, d\u00e9veloppe, \u00e0 partir des d\u00e9couvertes de la m\u00e9decine occidentale et des principes de la m\u00e9decine traditionnelle chinoise, un syst\u00e8me de Kin\u00e9siologie Appliqu\u00e9e r\u00e9serv\u00e9 aux professionnels m\u00e9dicaux, qui d\u00e9finit l\u2019importance de la posture et l\u2019imbrication de trois aspects de l\u2019\u00eatre humain :&nbsp;<strong>la nutrition, la structure, et les \u00e9motions<\/strong>. Il est bas\u00e9 sur le principe que tout d\u00e9s\u00e9quilibre, tout stress, se manifeste par des muscles test\u00e9s \u201cfaibles\u201d, c\u2019est-\u00e0-dire, dont le tonus est diminu\u00e9.<\/p>\n\n\n\n<p>Diff\u00e9rentes branches se sont ensuite d\u00e9velopp\u00e9es dans la kin\u00e9siologie:<\/p>\n\n\n\n<p>Dans les ann\u00e9es 70, John Tie, lui aussi chiropracteur,&nbsp;d\u00e9veloppe \u00e0 partir de l\u00e0 un syst\u00e8me de tests musculaires qui peut \u00eatre appris par tous: le Touch for Health ( La Sant\u00e9 par le Toucher),&nbsp;cette m\u00e9thode nous permet de d\u00e9couvrir les blocages de l\u2019\u00e9nergie et la fa\u00e7on de r\u00e9tablir la situation, elle est la&nbsp;base des autres branches kin\u00e9siologiques<\/p>\n\n\n\n<p>Paul Dennison, enseignant de formation, et fondateur d\u2019une \u00e9cole sp\u00e9cialis\u00e9e dans l\u2019aide aux dyslexiques, adapte les techniques de la kin\u00e9sologie aux difficult\u00e9s d\u2019apprentissage.Il est l\u2019auteur du syst\u00e8me connu sous le nom de Kin\u00e9siologie \u00e9ducative&nbsp;(brain gym)&nbsp;permettant, par des mouvements sp\u00e9cifiques, de d\u00e9velopper la qualit\u00e9 de l\u2019apprentissage et une meilleure communication entre les h\u00e9misph\u00e8res droit et gauche de notre cerveau.<\/p>\n\n\n\n<p>Gordon Stokes, Candace Callaway et Daniel Whiteside d\u00e9veloppent quant \u00e0 eux un syst\u00e8me orient\u00e9 vers la gestion des \u00e9motions<em>&nbsp;: le one Brain<\/em><\/p>\n","protected":false},"excerpt":{"rendered":"<p>La kin\u00e9siologie nous vient des Etats-Unis. En Europe, elle est actuellement pratiqu\u00e9e dans de nombreux pays. Dans les ann\u00e9es 60, Georges Goodheart, chiropracteur am\u00e9ricain, d\u00e9veloppe, \u00e0 partir des d\u00e9couvertes de la m\u00e9decine occidentale et des principes de la m\u00e9decine traditionnelle chinoise, un syst\u00e8me de Kin\u00e9siologie Appliqu\u00e9e r\u00e9serv\u00e9 aux professionnels m\u00e9dicaux, qui d\u00e9finit l\u2019importance de la &hellip; <\/p>\n<p class=\"link-more\"><a href=\"https:\/\/kine-broye.ch\/?page_id=52\" class=\"more-link\">Continue reading<span class=\"screen-reader-text\"> &#8220;Historique de la kin\u00e9siologie&#8221;<\/span><\/a><\/p>\n","protected":false},"author":1,"featured_media":0,"parent":0,"menu_order":0,"comment_status":"closed","ping_status":"closed","template":"","meta":{"footnotes":""},"class_list":["post-52","page","type-page","status-publish","hentry"],"yoast_head":"<!-- This site is optimized with the Yoast SEO plugin v22.6 - https:\/\/yoast.com\/wordpress\/plugins\/seo\/ -->\n<title>Historique de la kin\u00e9siologie -<\/title>\n<meta name=\"robots\" content=\"index, follow, max-snippet:-1, max-image-preview:large, max-video-preview:-1\" \/>\n<link rel=\"canonical\" href=\"https:\/\/kine-broye.ch\/?page_id=52\" \/>\n<meta property=\"og:locale\" content=\"en_US\" \/>\n<meta property=\"og:type\" content=\"article\" \/>\n<meta property=\"og:title\" content=\"Historique de la kin\u00e9siologie -\" \/>\n<meta property=\"og:description\" content=\"La kin\u00e9siologie nous vient des Etats-Unis. En Europe, elle est actuellement pratiqu\u00e9e dans de nombreux pays. Dans les ann\u00e9es 60, Georges Goodheart, chiropracteur am\u00e9ricain, d\u00e9veloppe, \u00e0 partir des d\u00e9couvertes de la m\u00e9decine occidentale et des principes de la m\u00e9decine traditionnelle chinoise, un syst\u00e8me de Kin\u00e9siologie Appliqu\u00e9e r\u00e9serv\u00e9 aux professionnels m\u00e9dicaux, qui d\u00e9finit l\u2019importance de la &hellip; Continue reading &quot;Historique de la kin\u00e9siologie&quot;\" \/>\n<meta property=\"og:url\" content=\"https:\/\/kine-broye.ch\/?page_id=52\" \/>\n<meta property=\"article:publisher\" content=\"https:\/\/www.facebook.com\/KinesiologieME\" \/>\n<meta property=\"article:modified_time\" content=\"2024-05-07T07:29:17+00:00\" \/>\n<meta name=\"twitter:card\" content=\"summary_large_image\" \/>\n<meta name=\"twitter:label1\" content=\"Est. reading time\" \/>\n\t<meta name=\"twitter:data1\" content=\"2 minutes\" \/>\n<script type=\"application\/ld+json\" class=\"yoast-schema-graph\">{\"@context\":\"https:\/\/schema.org\",\"@graph\":[{\"@type\":\"WebPage\",\"@id\":\"https:\/\/kine-broye.ch\/?page_id=52\",\"url\":\"https:\/\/kine-broye.ch\/?page_id=52\",\"name\":\"Historique de la kin\u00e9siologie -\",\"isPartOf\":{\"@id\":\"https:\/\/kine-broye.ch\/#website\"},\"datePublished\":\"2024-05-07T06:29:44+00:00\",\"dateModified\":\"2024-05-07T07:29:17+00:00\",\"breadcrumb\":{\"@id\":\"https:\/\/kine-broye.ch\/?page_id=52#breadcrumb\"},\"inLanguage\":\"en-US\",\"potentialAction\":[{\"@type\":\"ReadAction\",\"target\":[\"https:\/\/kine-broye.ch\/?page_id=52\"]}]},{\"@type\":\"BreadcrumbList\",\"@id\":\"https:\/\/kine-broye.ch\/?page_id=52#breadcrumb\",\"itemListElement\":[{\"@type\":\"ListItem\",\"position\":1,\"name\":\"Home\",\"item\":\"https:\/\/kine-broye.ch\/\"},{\"@type\":\"ListItem\",\"position\":2,\"name\":\"Historique de la kin\u00e9siologie\"}]},{\"@type\":\"WebSite\",\"@id\":\"https:\/\/kine-broye.ch\/#website\",\"url\":\"https:\/\/kine-broye.ch\/\",\"name\":\"kine-broye.ch\",\"description\":\"\",\"publisher\":{\"@id\":\"https:\/\/kine-broye.ch\/#organization\"},\"potentialAction\":[{\"@type\":\"SearchAction\",\"target\":{\"@type\":\"EntryPoint\",\"urlTemplate\":\"https:\/\/kine-broye.ch\/?s={search_term_string}\"},\"query-input\":\"required name=search_term_string\"}],\"inLanguage\":\"en-US\"},{\"@type\":\"Organization\",\"@id\":\"https:\/\/kine-broye.ch\/#organization\",\"name\":\"Institut de kin\u00e9siologie ME\",\"url\":\"https:\/\/kine-broye.ch\/\",\"logo\":{\"@type\":\"ImageObject\",\"inLanguage\":\"en-US\",\"@id\":\"https:\/\/kine-broye.ch\/#\/schema\/logo\/image\/\",\"url\":\"https:\/\/kine-broye.ch\/wp-content\/uploads\/2024\/05\/cropped-LogoClairGrand.png\",\"contentUrl\":\"https:\/\/kine-broye.ch\/wp-content\/uploads\/2024\/05\/cropped-LogoClairGrand.png\",\"width\":522,\"height\":250,\"caption\":\"Institut de kin\u00e9siologie ME\"},\"image\":{\"@id\":\"https:\/\/kine-broye.ch\/#\/schema\/logo\/image\/\"},\"sameAs\":[\"https:\/\/www.facebook.com\/KinesiologieME\"]}]}<\/script>\n<!-- \/ Yoast SEO plugin. -->","yoast_head_json":{"title":"Historique de la kin\u00e9siologie -","robots":{"index":"index","follow":"follow","max-snippet":"max-snippet:-1","max-image-preview":"max-image-preview:large","max-video-preview":"max-video-preview:-1"},"canonical":"https:\/\/kine-broye.ch\/?page_id=52","og_locale":"en_US","og_type":"article","og_title":"Historique de la kin\u00e9siologie -","og_description":"La kin\u00e9siologie nous vient des Etats-Unis. En Europe, elle est actuellement pratiqu\u00e9e dans de nombreux pays. Dans les ann\u00e9es 60, Georges Goodheart, chiropracteur am\u00e9ricain, d\u00e9veloppe, \u00e0 partir des d\u00e9couvertes de la m\u00e9decine occidentale et des principes de la m\u00e9decine traditionnelle chinoise, un syst\u00e8me de Kin\u00e9siologie Appliqu\u00e9e r\u00e9serv\u00e9 aux professionnels m\u00e9dicaux, qui d\u00e9finit l\u2019importance de la &hellip; Continue reading \"Historique de la kin\u00e9siologie\"","og_url":"https:\/\/kine-broye.ch\/?page_id=52","article_publisher":"https:\/\/www.facebook.com\/KinesiologieME","article_modified_time":"2024-05-07T07:29:17+00:00","twitter_card":"summary_large_image","twitter_misc":{"Est. reading time":"2 minutes"},"schema":{"@context":"https:\/\/schema.org","@graph":[{"@type":"WebPage","@id":"https:\/\/kine-broye.ch\/?page_id=52","url":"https:\/\/kine-broye.ch\/?page_id=52","name":"Historique de la kin\u00e9siologie -","isPartOf":{"@id":"https:\/\/kine-broye.ch\/#website"},"datePublished":"2024-05-07T06:29:44+00:00","dateModified":"2024-05-07T07:29:17+00:00","breadcrumb":{"@id":"https:\/\/kine-broye.ch\/?page_id=52#breadcrumb"},"inLanguage":"en-US","potentialAction":[{"@type":"ReadAction","target":["https:\/\/kine-broye.ch\/?page_id=52"]}]},{"@type":"BreadcrumbList","@id":"https:\/\/kine-broye.ch\/?page_id=52#breadcrumb","itemListElement":[{"@type":"ListItem","position":1,"name":"Home","item":"https:\/\/kine-broye.ch\/"},{"@type":"ListItem","position":2,"name":"Historique de la kin\u00e9siologie"}]},{"@type":"WebSite","@id":"https:\/\/kine-broye.ch\/#website","url":"https:\/\/kine-broye.ch\/","name":"kine-broye.ch","description":"","publisher":{"@id":"https:\/\/kine-broye.ch\/#organization"},"potentialAction":[{"@type":"SearchAction","target":{"@type":"EntryPoint","urlTemplate":"https:\/\/kine-broye.ch\/?s={search_term_string}"},"query-input":"required name=search_term_string"}],"inLanguage":"en-US"},{"@type":"Organization","@id":"https:\/\/kine-broye.ch\/#organization","name":"Institut de kin\u00e9siologie ME","url":"https:\/\/kine-broye.ch\/","logo":{"@type":"ImageObject","inLanguage":"en-US","@id":"https:\/\/kine-broye.ch\/#\/schema\/logo\/image\/","url":"https:\/\/kine-broye.ch\/wp-content\/uploads\/2024\/05\/cropped-LogoClairGrand.png","contentUrl":"https:\/\/kine-broye.ch\/wp-content\/uploads\/2024\/05\/cropped-LogoClairGrand.png","width":522,"height":250,"caption":"Institut de kin\u00e9siologie ME"},"image":{"@id":"https:\/\/kine-broye.ch\/#\/schema\/logo\/image\/"},"sameAs":["https:\/\/www.facebook.com\/KinesiologieME"]}]}},"_links":{"self":[{"href":"https:\/\/kine-broye.ch\/index.php?rest_route=\/wp\/v2\/pages\/52","targetHints":{"allow":["GET"]}}],"collection":[{"href":"https:\/\/kine-broye.ch\/index.php?rest_route=\/wp\/v2\/pages"}],"about":[{"href":"https:\/\/kine-broye.ch\/index.php?rest_route=\/wp\/v2\/types\/page"}],"author":[{"embeddable":true,"href":"https:\/\/kine-broye.ch\/index.php?rest_route=\/wp\/v2\/users\/1"}],"replies":[{"embeddable":true,"href":"https:\/\/kine-broye.ch\/index.php?rest_route=%2Fwp%2Fv2%2Fcomments&post=52"}],"version-history":[{"count":2,"href":"https:\/\/kine-broye.ch\/index.php?rest_route=\/wp\/v2\/pages\/52\/revisions"}],"predecessor-version":[{"id":76,"href":"https:\/\/kine-broye.ch\/index.php?rest_route=\/wp\/v2\/pages\/52\/revisions\/76"}],"wp:attachment":[{"href":"https:\/\/kine-broye.ch\/index.php?rest_route=%2Fwp%2Fv2%2Fmedia&parent=52"}],"curies":[{"name":"wp","href":"https:\/\/api.w.org\/{rel}","templated":true}]}}